(-4)/(-8)*-94. Let p = 145 + t. Calculate the remainder when p is divided by 19.
18
Suppose 162 + 14 = 11*l. Suppose 2*x - 62 = 4*c, x - l = c + 11. Calculate the remainder when 67 is divided by x.
21
Suppose 4*o + 2*l = 102, o - 24 = -2*l + l. Suppose 3 = -4*y + 39. Calculate the remainder when o is divided by y.
0
Suppose -89 = -5*r - 4*t, -5*t = -5*r - 3*t + 113. Suppose -3*w - 32 + 152 = 0. Calculate the remainder when w is divided by r.
19
Suppose -95 + 35 = -3*t. What is the remainder when 39 is divided by t?
19
Let q(c) = -c**2 - 4*c - 4. Let g be 6*1*(-2)/4. Let r be q(g). What is the remainder when (1 + -4 - 20)*r is divided by 6?
5
Let n = 348 - 258. What is the remainder when 138 is divided by n?
48
Let m(z) = -z**2 - 12*z - 11. Let x be m(-8). What is the remainder when x/14 + 69/2 is divided by 19?
17
Suppose -8*t = -3*t - 2*v - 1014, 1029 = 5*t + 3*v. Suppose -t = -4*p + 164. Calculate the remainder when p is divided by 19.
16
Suppose -11*g + 858 = 2*g. What is the remainder when g is divided by 35?
31
Calculate the remainder when 1/6 - (-197)/6 is divided by (-129)/(-21) - (-10)/(-70).
3
Let z = 106 + -173. Let t = 121 + z. Calculate the remainder when t is divided by (30 + -2)*1/2.
12
Let v = -210 - -222. What is the remainder when 1163 is divided by v?
11
Let d = -472 - -502. Calculate the remainder when 179 is divided by d.
29
Calculate the remainder when ((1 + -2)*1)/(18/(-306)) is divided by 4/(-18) - (-166)/18.
8
Let i be (-1 - -23)/((-14)/7). Let m = i + 16. Suppose y = -m*c + 12, -3*y - 6 + 32 = 5*c. Calculate the remainder when y is divided by 2.
1
What is the remainder when 389 is divided by ((-92)/(-14))/(22/77)?
21
Suppose 3*y - 5*x = 2*y + 60, -2*y - 5*x = -135. Calculate the remainder when y is divided by 27.
11
Let g(x) = 18*x + 75. Calculate the remainder when 158 is divided by g(0).
8
Let i be (-10)/(-6) + 20/15. Suppose 2*g - v + i = 55, -4*g = -v - 104. What is the remainder when g is divided by 4?
2
Calculate the remainder when 93 is divided by (2 + (-880)/(-33))*(-3)/(-2).
7
Let y = -17 - -30. Let g(f) be the third derivative of -f**4 - f**3/6 - 4*f**2. Calculate the remainder when g(-1) is divided by y.
10
Let p = 223 + -211. Calculate the remainder when 35*2*3/6 is divided by p.
11
Let d(m) = 3*m**2 + 30*m + 210. Calculate the remainder when d(-6) is divided by 51.
36
Suppose 29*o + 24 = 13*o + 1192. Suppose 5*v - 78 - 17 = 0. Calculate the remainder when o is divided by v.
16
Suppose -3*o + 0*o + 1578 = 0. Suppose -342 = -7*m + o. What is the remainder when m is divided by 32?
28
Let o(y) = -5*y + 8. Let i be o(8). Let c = i + 38. Calculate the remainder when 156/10 + (-2)/(-5) is divided by c.
4
Let u = 7 - 5. Suppose 2*s - 23 - 13 = -2*h, s = -u*h + 19. Calculate the remainder when 64 is divided by s.
13
Suppose 0 = 70*m - 43*m - 1890. Calculate the remainder when 140 is divided by m.
0
Let u = -9 - -16. Suppose 36 = 7*y + 5*y. Suppose -y*x = -0*x + o - 60, 0 = -x - 2*o + 20. What is the remainder when x is divided by u?
6
Let w(a) = 2*a + 30. Let f be w(-15). Suppose n - 6*n = f. Calculate the remainder when -2 + n/3 + 59 is divided by 20.
17
Let t(a) = 3*a + 2. Let k be t(-8). Let v = k - -28. What is the remainder when (-1)/(-2)*34*1 is divided by v?
5
Suppose 0 = -3*t + 5*v + 59, -4*t = -5*t + 4*v + 29. Let u(z) = -z**2 + 19*z - 22. What is the remainder when u(15) is divided by t?
12
Suppose -4*a = 1 - 21. Suppose -a = 4*m + 11. Calculate the remainder when 28 is divided by m/(-3)*90/20.
4
Let k = -397 + 440. Let s(i) = i**3 + i**2 - 3*i + 2. Let x be s(-3). What is the remainder when k is divided by 2 + x/(-1) - -2?
10
Suppose 0 = y + 7*y - 24. Calculate the remainder when y - (-1 + 1 - 4 - -3) is divided by 3.
1
Let i = -394 - -400. Let r = 112 + -76. Let t = r - 15. Calculate the remainder when t is divided by i.
3
Let o be -10 - 1 - (-2 - 2). What is the remainder when 23 is divided by o/((-28)/48) - 4?
7
Let k(z) = 12*z**2 - 7*z. What is the remainder when 407 is divided by k(2)?
33
Suppose -w + 66 = 5*r - 72, -3*w = -3*r + 90. What is the remainder when 81 is divided by r?
25
Let b = 8 + 24. Suppose 0 = 4*z - 3*v - 76, -v - b = -z - 13. Calculate the remainder when z is divided by 7.
5
Let r(i) = i**3 - 8*i**2 + 25*i - 9. Calculate the remainder when r(5) is divided by 14.
13
What is the remainder when -16*(34/(-4) - -5) is divided by 18?
2
Suppose x - 50 = 19. Let j = x + -48. Calculate the remainder when 41 is divided by j.
20
Suppose -18*t = z - 21*t - 20, 2*z = 3*t + 46. What is the remainder when 491 is divided by z?
23
Let b(y) = 98*y - 135. What is the remainder when b(4) is divided by 10?
7
Let u = 15 - 5. Suppose -u*w + 14*w = 120. Calculate the remainder when 116 is divided by w.
26
Suppose -2*d + v - 924 + 4303 = 0, -2*d = 4*v - 3404. What is the remainder when d is divided by 15?
12
What is the remainder when 175/1 - (-7)/14*-14 is divided by 17?
15
Let j = 15 + 0. What is the remainder when (-4 - (-1)/2)*-8 is divided by j?
13
Suppose 5*k = 20 - 0. Suppose -18*l - 635 = -1013. What is the remainder when l is divided by k?
1
Let p(m) = m**2 + 4. Suppose -2*s + 10 = -0. Suppose 0*j + 110 = s*j. Calculate the remainder when p(9) is divided by j.
19
Let s(c) = -c**2 - 9*c - 2. Let t be s(-6). Let h(g) = g - 28. Let m be h(16). Let f = t + m. Calculate the remainder when 7 is divided by f.
3
Let h be (0/(1 - -1))/(-1). Let v = 1 + h. Suppose -s + 6 = v. Calculate the remainder when 12 is divided by s.
2
Let u = 50 + -28. Suppose -3*q + 2*q + 4 = 0. What is the remainder when u is divided by q?
2
Suppose 5*q + 32 - 27 = 0, 3*t - 5*q = 41. Calculate the remainder when 28 is divided by t.
4
Suppose 15 = -2*b + 3*b. Suppose -58 = -z - 4*y - y, 0 = -3*y. What is the remainder when z is divided by b?
13
Let t(k) = -k**2 + 18*k - 6. Suppose -2*i + 0*q + 30 = -q, -i + 20 = 2*q. What is the remainder when 48 is divided by t(i)?
22
Let b be (4 - 3)*9*1*1. Suppose -26 = b*k - 10*k. Calculate the remainder when 94 is divided by k.
16
Suppose -994 = -2020*v + 2013*v. What is the remainder when v is divided by 9?
7
What is the remainder when ((-480)/280)/(2/(-1512)) + -1 is divided by 162?
161
Suppose 44*q - 45*q + 12 = 0. What is the remainder when 33 is divided by q?
9
Let w = 1155 - 988. Calculate the remainder when w is divided by 86.
81
Let o(a) = a**3 + 5*a**2 + 3*a + 2. What is the remainder when -4 + 39 - 0 - 5 is divided by o(-3)?
8
Let y be 12*((-3)/(-6) + 4). Let t = -32 + y. What is the remainder when 108 is divided by t?
20
Let c = -20 - -20. Suppose -3*w = -6, -3*r + w + 43 = -c*w. What is the remainder when 29 is divided by r?
14
Let v be (69/(-2))/(18/24). Let h = 111 + v. Suppose 3*g + 2*g - 4*d - h = 0, 5*g = 3*d + 70. What is the remainder when g is divided by 10?
7
Calculate the remainder when (-33)/((-99)/12) - (-137 - 0) is divided by 2.
1
Suppose 2*h = -4*v + 46, 3*h - 3*v = -2 + 26. What is the remainder when h is divided by 8?
5
Let t = -55 - -141. Let g = -60 + t. What is the remainder when 49 is divided by g?
23
Suppose -2*y = -0*y + 14. Suppose -59*v - 36 = -61*v. Let z = v + y. Calculate the remainder when 19 is divided by z.
8
Suppose 0*w = 8*w - 24. Suppose 0 = 3*y - 5*i - 44, -y - w*i - i = -9. What is the remainder when 45 is divided by y?
6
Suppose 0 = 2*c + 24 + 50. Suppose 25*x - 23*x = -50. Let n = x - c. Calculate the remainder when n is divided by 8.
4
Suppose -3*n + 2*n = -2*q + 5, 4*q = 3*n + 17. Let k = n + 7. Suppose 5*d + 0*d - 355 = k. Calculate the remainder when d is divided by 36.
35
Suppose -1328 - 982 = -14*n. What is the remainder when n is divided by 68?
29
Let a = 35 - 35. What is the remainder when (148/6)/((-2)/(-3)) is divided by 18 + -1 + a + 3?
17
Let c = 325 + -312. Let z = 4 + 0. What is the remainder when c is divided by z?
1
Suppose j + 0*n - 17 = -5*n, -5*j + 25 = -5*n. Suppose 49*l - 566 = 71. Calculate the remainder when l is divided by j.
6
Suppose -5*s = -4*s - 5129. Let u = -2930 + s. What is the remainder when u/45 + (-2)/(-15) is divided by 17?
15
Let v(z) = z**2 + z - 6. Let p be v(7). Suppose p - 26 = 4*u. What is the remainder when 17 is divided by u?
5
Suppose 3*l + 0*l + l = 0. Suppose l = -8*h + 10*h - 36. Suppose 3*x 